[INFO] cloning repository https://github.com/thoughtram/demo-clog-website
[INFO] running `Command { std: "git" "-c" "credential.helper=" "-c" "credential.helper=/workspace/cargo-home/bin/git-credential-null" "clone" "--bare" "https://github.com/thoughtram/demo-clog-website" "/workspace/cache/git-repos/https%3A%2F%2Fgithub.com%2Fthoughtram%2Fdemo-clog-website", kill_on_drop: false }`
[INFO] [stderr] Cloning into bare repository '/workspace/cache/git-repos/https%3A%2F%2Fgithub.com%2Fthoughtram%2Fdemo-clog-website'...
[INFO] running `Command { std: "git" "rev-parse" "HEAD", kill_on_drop: false }`
[INFO] [stdout] 78121ab93f541700d01406be40d092e8925d739d
[INFO] checking thoughtram/demo-clog-website against master#af3c6e733a40e671550e0f0f5aeecaa13772ba56 for pr-74989
[INFO] running `Command { std: "git" "clone" "/workspace/cache/git-repos/https%3A%2F%2Fgithub.com%2Fthoughtram%2Fdemo-clog-website" "/workspace/builds/worker-5/source", kill_on_drop: false }`
[INFO] [stderr] Cloning into '/workspace/builds/worker-5/source'...
[INFO] [stderr] done.
[INFO] validating manifest of git repo https://github.com/thoughtram/demo-clog-website on toolchain af3c6e733a40e671550e0f0f5aeecaa13772ba56
[INFO] running `Command { std: "/workspace/cargo-home/bin/cargo" "+af3c6e733a40e671550e0f0f5aeecaa13772ba56" "read-manifest" "--manifest-path" "Cargo.toml", kill_on_drop: false }`
[INFO] started tweaking git repo https://github.com/thoughtram/demo-clog-website
[INFO] finished tweaking git repo https://github.com/thoughtram/demo-clog-website
[INFO] tweaked toml for git repo https://github.com/thoughtram/demo-clog-website written to /workspace/builds/worker-5/source/Cargo.toml
[INFO] crate git repo https://github.com/thoughtram/demo-clog-website already has a lockfile, it will not be regenerated
[INFO] running `Command { std: "/workspace/cargo-home/bin/cargo" "+af3c6e733a40e671550e0f0f5aeecaa13772ba56" "fetch" "--locked" "--manifest-path" "Cargo.toml", kill_on_drop: false }`
[INFO] [stderr] error: the lock file /workspace/builds/worker-5/source/Cargo.lock needs to be updated but --locked was passed to prevent this
[INFO] [stderr] If you want to try to generate the lock file without accessing the network, use the --offline flag.
[INFO] the lockfile is outdated, regenerating it
[INFO] running `Command { std: "/workspace/cargo-home/bin/cargo" "+af3c6e733a40e671550e0f0f5aeecaa13772ba56" "generate-lockfile" "--manifest-path" "Cargo.toml" "-Zno-index-update", kill_on_drop: false }`
[INFO] running `Command { std: "/workspace/cargo-home/bin/cargo" "+af3c6e733a40e671550e0f0f5aeecaa13772ba56" "fetch" "--locked" "--manifest-path" "Cargo.toml", kill_on_drop: false }`
[INFO] running `Command { std: "docker" "create" "-v" "/var/lib/crater-agent-workspace/builds/worker-5/target:/opt/rustwide/target:rw,Z" "-v" "/var/lib/crater-agent-workspace/builds/worker-5/source:/opt/rustwide/workdir:ro,Z" "-v" "/var/lib/crater-agent-workspace/cargo-home:/opt/rustwide/cargo-home:ro,Z" "-v" "/var/lib/crater-agent-workspace/rustup-home:/opt/rustwide/rustup-home:ro,Z" "-e" "SOURCE_DIR=/opt/rustwide/workdir" "-e" "CARGO_TARGET_DIR=/opt/rustwide/target" "-e" "CARGO_HOME=/opt/rustwide/cargo-home" "-e" "RUSTUP_HOME=/opt/rustwide/rustup-home" "-w" "/opt/rustwide/workdir" "-m" "1610612736" "--user" "0:0" "--network" "none" "rustops/crates-build-env@sha256:d92eaeed33fa75130ca1ee6c8a01d1ffb62bac859dfdfb3450e3e5d1c0146529" "/opt/rustwide/cargo-home/bin/cargo" "+af3c6e733a40e671550e0f0f5aeecaa13772ba56" "metadata" "--no-deps" "--format-version=1", kill_on_drop: false }`
[INFO] [stdout] 8f287061a27a539ddf396864f39a10555f3ac8a5a559810359e71e6a4c568fe7
[INFO] [stderr] WARNING: Your kernel does not support swap limit capabilities or the cgroup is not mounted. Memory limited without swap.
[INFO] running `Command { std: "docker" "start" "-a" "8f287061a27a539ddf396864f39a10555f3ac8a5a559810359e71e6a4c568fe7", kill_on_drop: false }`
[INFO] running `Command { std: "docker" "inspect" "8f287061a27a539ddf396864f39a10555f3ac8a5a559810359e71e6a4c568fe7", kill_on_drop: false }`
[INFO] running `Command { std: "docker" "rm" "-f" "8f287061a27a539ddf396864f39a10555f3ac8a5a559810359e71e6a4c568fe7", kill_on_drop: false }`
[INFO] [stdout] 8f287061a27a539ddf396864f39a10555f3ac8a5a559810359e71e6a4c568fe7
[INFO] running `Command { std: "docker" "create" "-v" "/var/lib/crater-agent-workspace/builds/worker-5/target:/opt/rustwide/target:rw,Z" "-v" "/var/lib/crater-agent-workspace/builds/worker-5/source:/opt/rustwide/workdir:ro,Z" "-v" "/var/lib/crater-agent-workspace/cargo-home:/opt/rustwide/cargo-home:ro,Z" "-v" "/var/lib/crater-agent-workspace/rustup-home:/opt/rustwide/rustup-home:ro,Z" "-e" "SOURCE_DIR=/opt/rustwide/workdir" "-e" "CARGO_TARGET_DIR=/opt/rustwide/target" "-e" "CARGO_INCREMENTAL=0" "-e" "RUST_BACKTRACE=full" "-e" "RUSTFLAGS=--cap-lints=forbid" "-e" "CARGO_HOME=/opt/rustwide/cargo-home" "-e" "RUSTUP_HOME=/opt/rustwide/rustup-home" "-w" "/opt/rustwide/workdir" "-m" "1610612736" "--user" "0:0" "--network" "none" "rustops/crates-build-env@sha256:d92eaeed33fa75130ca1ee6c8a01d1ffb62bac859dfdfb3450e3e5d1c0146529" "/opt/rustwide/cargo-home/bin/cargo" "+af3c6e733a40e671550e0f0f5aeecaa13772ba56" "check" "--frozen" "--all" "--all-targets" "--message-format=json", kill_on_drop: false }`
[INFO] [stderr] WARNING: Your kernel does not support swap limit capabilities or the cgroup is not mounted. Memory limited without swap.
[INFO] [stdout] b0c82c852e4fda067f37b0feeb279e87bcc58aa6ff4566bc44d063162d86d1d3
[INFO] running `Command { std: "docker" "start" "-a" "b0c82c852e4fda067f37b0feeb279e87bcc58aa6ff4566bc44d063162d86d1d3", kill_on_drop: false }`
[INFO] [stderr]    Compiling memchr v2.3.3
[INFO] [stderr]     Checking traitobject v0.1.0
[INFO] [stderr]     Checking safemem v0.3.3
[INFO] [stderr]     Checking language-tags v0.2.2
[INFO] [stderr]     Checking typeable v0.1.2
[INFO] [stderr]     Checking regex-syntax v0.6.18
[INFO] [stderr]     Checking groupable v0.2.0
[INFO] [stderr]     Checking modifier v0.1.0
[INFO] [stderr]    Compiling unicase v1.4.2
[INFO] [stderr]     Checking thread_local v1.0.1
[INFO] [stderr]     Checking toml v0.1.30
[INFO] [stderr]     Checking log v0.4.11
[INFO] [stderr]     Checking idna v0.1.5
[INFO] [stderr]     Checking serde_json v1.0.57
[INFO] [stderr]     Checking unsafe-any v0.4.2
[INFO] [stderr]     Checking base64 v0.9.3
[INFO] [stderr]     Checking typemap v0.3.3
[INFO] [stderr]     Checking log v0.3.9
[INFO] [stderr]     Checking plugin v0.2.6
[INFO] [stderr]     Checking mime v0.2.6
[INFO] [stderr]     Checking mustache v0.9.0
[INFO] [stderr]     Checking clog v0.9.1
[INFO] [stderr]     Checking aho-corasick v0.7.13
[INFO] [stderr]     Checking url v1.7.2
[INFO] [stderr]     Checking hyper v0.10.16
[INFO] [stderr]     Checking regex v1.3.9
[INFO] [stderr]     Checking nickel v0.11.0
[INFO] [stderr]     Checking clog-website v0.1.0 (/opt/rustwide/workdir)
[INFO] [stdout] warning: use of deprecated macro `try`: use the `?` operator instead
[INFO] [stdout]  --> src/git.rs:6:18
[INFO] [stdout]   |
[INFO] [stdout] 6 |     let output = try!(Command::new("git")
[INFO] [stdout]   |                  ^^^
[INFO] [stdout]   |
[INFO] [stdout]   = note: `#[warn(deprecated)]` on by default
[INFO] [stdout] 
[INFO] [stdout] 
[INFO] [stdout] warning: use of deprecated macro `try`: use the `?` operator instead
[INFO] [stdout]  --> src/git.rs:6:18
[INFO] [stdout]   |
[INFO] [stdout] 6 |     let output = try!(Command::new("git")
[INFO] [stdout]   |                  ^^^
[INFO] [stdout]   |
[INFO] [stdout]   = note: `#[warn(deprecated)]` on by default
[INFO] [stdout] 
[INFO] [stdout] 
[INFO] [stdout] error[E0277]: the trait bound `ClogConfig: serde::de::Deserialize<'_>` is not satisfied
[INFO] [stdout]   --> src/main.rs:30:35
[INFO] [stdout]    |
[INFO] [stdout] 30 |         let clog_config = request.json_as::<ClogConfig>().unwrap();
[INFO] [stdout]    |                                   ^^^^^^^ the trait `serde::de::Deserialize<'_>` is not implemented for `ClogConfig`
[INFO] [stdout] 
[INFO] [stdout] 
[INFO] [stdout] error[E0277]: the trait bound `ClogConfig: serde::de::Deserialize<'_>` is not satisfied
[INFO] [stdout]   --> src/main.rs:30:35
[INFO] [stdout]    |
[INFO] [stdout] 30 |         let clog_config = request.json_as::<ClogConfig>().unwrap();
[INFO] [stdout]    |                                   ^^^^^^^ the trait `serde::de::Deserialize<'_>` is not implemented for `ClogConfig`
[INFO] [stdout] 
[INFO] [stdout] 
[INFO] [stdout] error[E0599]: no function or associated item named `new_v4` found for struct `Uuid` in the current scope
[INFO] [stdout]   --> src/main.rs:32:31
[INFO] [stdout]    |
[INFO] [stdout] 32 |         let repo_name = Uuid::new_v4().to_string();
[INFO] [stdout]    |                               ^^^^^^ function or associated item not found in `Uuid`
[INFO] [stdout] 
[INFO] [stdout] 
[INFO] [stdout] warning: use of deprecated associated function `std::error::Error::description`: use the Display impl or to_string()
[INFO] [stdout]   --> src/main.rs:38:28
[INFO] [stdout]    |
[INFO] [stdout] 38 |                 error: err.description().to_owned(),
[INFO] [stdout]    |                            ^^^^^^^^^^^
[INFO] [stdout] 
[INFO] [stdout] 
[INFO] [stdout] error[E0599]: no function or associated item named `new_v4` found for struct `Uuid` in the current scope
[INFO] [stdout]   --> src/main.rs:32:31
[INFO] [stdout]    |
[INFO] [stdout] 32 |         let repo_name = Uuid::new_v4().to_string();
[INFO] [stdout]    |                               ^^^^^^ function or associated item not found in `Uuid`
[INFO] [stdout] 
[INFO] [stdout] 
[INFO] [stdout] warning: use of deprecated associated function `std::error::Error::description`: use the Display impl or to_string()
[INFO] [stdout]   --> src/main.rs:38:28
[INFO] [stdout]    |
[INFO] [stdout] 38 |                 error: err.description().to_owned(),
[INFO] [stdout]    |                            ^^^^^^^^^^^
[INFO] [stdout] 
[INFO] [stdout] 
[INFO] [stdout] error: aborting due to 2 previous errors; 2 warnings emitted
[INFO] [stdout] 
[INFO] [stdout] 
[INFO] [stdout] Some errors have detailed explanations: E0277, E0599.
[INFO] [stdout] 
[INFO] [stdout] For more information about an error, try `rustc --explain E0277`.
[INFO] [stdout] 
[INFO] [stderr] error: could not compile `clog-website`.
[INFO] [stderr] 
[INFO] [stderr] To learn more, run the command again with --verbose.
[INFO] [stderr] warning: build failed, waiting for other jobs to finish...
[INFO] [stdout] error: aborting due to 2 previous errors; 2 warnings emitted
[INFO] [stdout] 
[INFO] [stdout] 
[INFO] [stdout] Some errors have detailed explanations: E0277, E0599.
[INFO] [stdout] 
[INFO] [stdout] For more information about an error, try `rustc --explain E0277`.
[INFO] [stdout] 
[INFO] [stderr] error: build failed
[INFO] running `Command { std: "docker" "inspect" "b0c82c852e4fda067f37b0feeb279e87bcc58aa6ff4566bc44d063162d86d1d3", kill_on_drop: false }`
[INFO] running `Command { std: "docker" "rm" "-f" "b0c82c852e4fda067f37b0feeb279e87bcc58aa6ff4566bc44d063162d86d1d3", kill_on_drop: false }`
[INFO] [stdout] b0c82c852e4fda067f37b0feeb279e87bcc58aa6ff4566bc44d063162d86d1d3
